{"id":518,"date":"2015-11-29T17:33:16","date_gmt":"2015-11-29T15:33:16","guid":{"rendered":"https:\/\/www.kdhukuk.com\/?page_id=518"},"modified":"2021-12-22T17:17:32","modified_gmt":"2021-12-22T14:17:32","slug":"gayrimenkul-avukati","status":"publish","type":"page","link":"https:\/\/www.kdhukuk.com\/gayrimenkul-avukati\/","title":{"rendered":"Gayrimenkul Avukat\u0131"},"content":{"rendered":"<h1 style=\"text-align: justify;\">Gayrimenkul Avukat\u0131<\/h1>\n<p style=\"text-align: justify;\"><em>\u0130stanbul<\/em> s\u0131n\u0131rlar\u0131nda <em>gayrimenkul avukat\u0131<\/em> olarak hizmet veren K&amp;D <em>Hukuk B\u00fcrosu<\/em>, gayrimenkul al\u0131m sat\u0131m\u0131na ili\u015fkin t\u00fcm tapu tescil ve iptali, ipotek i\u015flemleri, ifraz ve tevhid i\u015flemleri, gayrimenkuller \u00fczerindeki ayni haklara ili\u015fkin i\u015flemler, kira s\u00f6zle\u015fmeleri, miras payla\u015f\u0131m\u0131 kapsam\u0131nda \u00e7\u0131kan ihtilaflar ba\u015fta olmak \u00fczere ta\u015f\u0131nmaz hukukuna ili\u015fkin her t\u00fcrl\u00fc ihtilafa y\u00f6nelik dan\u0131\u015fmanl\u0131k ve dava avukatl\u0131\u011f\u0131 hizmeti vermektedir.<\/p>\n<h2 style=\"text-align: justify;\">Gayrimenkul Hukuku Kapsam\u0131ndaki \u0130htilaflar<\/h2>\n<p style=\"text-align: justify;\">Gayrimenkul (Ta\u015f\u0131nmaz) hukukunun kapsam\u0131n\u0131 araziler, tapu k\u00fct\u00fc\u011f\u00fcne kay\u0131tl\u0131 haklar ve kat m\u00fclkiyeti k\u00fct\u00fc\u011f\u00fcne kay\u0131tl\u0131 ba\u011f\u0131ms\u0131z b\u00f6l\u00fcmler olu\u015fturur. Gayrimenkul m\u00fclkiyeti, tapu k\u00fct\u00fc\u011f\u00fcne tescil yoluyla kazan\u0131l\u0131r. M\u00fclkiyetin tescil d\u0131\u015f\u0131nda kazan\u0131lmas\u0131, mahkeme karar\u0131, cebri icra, miras, i\u015fgal ve kanunda d\u00fczenlenen di\u011fer hallerde de m\u00fcmk\u00fcnd\u00fcr.<\/p>\n<p style=\"text-align: justify;\">Gayrimenkul \u00fczerinde m\u00fclkiyet hakk\u0131 d\u0131\u015f\u0131nda, sahibine s\u0131n\u0131rl\u0131 yetkiler sa\u011flayan ipotek hakk\u0131, irtifak hakk\u0131 ve ta\u015f\u0131nmaz y\u00fck\u00fc olmak \u00fczere \u00fc\u00e7 gruba ayr\u0131lan s\u0131n\u0131rl\u0131 ayni haklar da bulunmaktad\u0131r. \u0130potek, mevcut veya do\u011fmas\u0131 muhtemel veya kesin olarak bir alaca\u011f\u0131n gayrimenkul \u00fczerinde tesis edilen ipotekle g\u00fcvence alt\u0131na al\u0131nmas\u0131d\u0131r.<\/p>\n<p style=\"text-align: justify;\">Gayrimenkul hukuku&#8217;nun temel h\u00fck\u00fcmleri <span style=\"color: #808080;\"><a style=\"color: #808080;\" href=\"https:\/\/www.tbmm.gov.tr\/kanunlar\/k4721.html\" target=\"_blank\" rel=\"noopener\">Medeni Kanun<\/a><\/span> kapsam\u0131nda d\u00fczenlenmi\u015f olup, s\u0131kl\u0131kla gayrimenkul \u00fczerinde birden fazla ki\u015finin payl\u0131 m\u00fclkiyet veya elbirli\u011fiyle m\u00fclkiyet payda\u015fl\u0131\u011f\u0131 bulunmas\u0131, gayrimenkul \u00fczerindeki m\u00fclkiyet hakk\u0131 ve s\u0131n\u0131rl\u0131 ayni haklara ili\u015fkin yolsuz tescil veya terkin yap\u0131lmas\u0131, m\u00fcteahhitler ile hak sahipleri aras\u0131nda \u00e7\u0131kan ta\u015f\u0131nmaz sat\u0131\u015f vaadi s\u00f6zle\u015fmesi ihtilaflar\u0131 ile arsa sahipleri ve m\u00fcteahhitler aras\u0131nda yap\u0131lan kat kar\u015f\u0131l\u0131\u011f\u0131 in\u015faat s\u00f6zle\u015fmesi kapsam\u0131nda in\u015faat\u0131n ge\u00e7 ve eksik teslimi, hukuka ayk\u0131r\u0131 kamula\u015ft\u0131rma ve kamula\u015ft\u0131rma bedelinin d\u00fc\u015f\u00fck tespit edilmesi, kira s\u00f6zle\u015fmeleri kapsam\u0131nda kiras\u0131n\u0131 \u00f6demeyen ve kira s\u00f6zle\u015fmesine ayk\u0131r\u0131 eylemlerde bulunan kirac\u0131lar\u0131n tahliyesi ba\u015fta olmak \u00fczere bir\u00e7ok ihtilaf s\u00f6z konusu olmakla birlikte, teknik hukuki bilgi gerektiren s\u00f6z konusu uzla\u015fmazl\u0131klar\u0131n uzman <span style=\"text-decoration: underline;\">gayrimenkul avukat\u0131<\/span> vas\u0131tas\u0131yla \u00e7\u00f6z\u00fcm\u00fc m\u00fcmk\u00fcnd\u00fcr.<\/p>\n<h2 style=\"text-align: justify;\"><img fetchpriority=\"high\" decoding=\"async\" class=\"alignright size-full wp-image-1725\" src=\"https:\/\/www.kdhukuk.com\/wp-content\/uploads\/gayrimenkul-hukuk-b\u00fcrosu-istanbul.jpg\" alt=\"gayrimenkul, hukuk b\u00fcrosu, istanbul, gayrimenkul avukatlar\u0131\" width=\"400\" height=\"252\" srcset=\"https:\/\/www.kdhukuk.com\/wp-content\/uploads\/gayrimenkul-hukuk-b\u00fcrosu-istanbul.jpg 400w, https:\/\/www.kdhukuk.com\/wp-content\/uploads\/gayrimenkul-hukuk-b\u00fcrosu-istanbul-300x189.jpg 300w\" sizes=\"(max-width: 400px) 100vw, 400px\" \/>Gayrimenkul Avukatlar\u0131m\u0131z\u0131n Verdi\u011fi Hukuki Hizmetler<\/h2>\n<p style=\"text-align: justify;\">K&amp;D Hukuk B\u00fcrosu yaln\u0131zca \u0130stanbul s\u0131n\u0131rlar\u0131 i\u00e7erisinde hukuki hizmet vermekte olup, <strong>gayrimenkul avukat\u0131<\/strong> ekibimizin \u0130\u015f Kanunu kapsam\u0131nda verdi\u011fi hukuki hizmetler a\u015fa\u011f\u0131da \u00f6zetlenmi\u015ftir:<\/p>\n<p style=\"text-align: justify;\">&#8211; Gayrimenkul ortaklar\u0131 aras\u0131nda ihtilaf \u00e7\u0131kmas\u0131 halinde izale-i \u015fuyu davas\u0131n\u0131n a\u00e7\u0131lmas\u0131 ve sat\u0131\u015f\u0131n ger\u00e7ekle\u015ftirilmesi<\/p>\n<p style=\"text-align: justify;\">&#8211; Haks\u0131z tapu devirlerine dayanan ihtilaflara ili\u015fkin tapu iptal ve tescil davas\u0131n\u0131n takip edilmesi.<\/p>\n<p style=\"text-align: justify;\">&#8211; Gayrimenkul al\u0131m sat\u0131m\u0131 ve tapu tescil i\u015flemleri<\/p>\n<p style=\"text-align: justify;\">&#8211; \u0130potek tesis edilmesi, ipote\u011fin kald\u0131r\u0131lmas\u0131, ipote\u011fin paraya \u00e7evrilmesi i\u015flemlerinin takibi<\/p>\n<p style=\"text-align: justify;\">&#8211; Kira s\u00f6zle\u015fmelerinin haz\u0131rlanmas\u0131 ve kirac\u0131lar\u0131n tahliye i\u015flemleri<\/p>\n<p style=\"text-align: justify;\">&#8211; Yabanc\u0131lar\u0131n m\u00fclk edinmesi i\u015flemleri<\/p>\n<p style=\"text-align: justify;\"><strong>\u0130stanbul<\/strong> Gayrettepe&#8217;de bulunan K&amp;D <strong>Hukuk B\u00fcrosu<\/strong> ofisimize ve <span style=\"color: #333399;\">gayrimenkul avukat\u0131<\/span> ekibimize iletisim@kdhukuk.com e-mail adresinden veya +90 532 230 62 21 numaral\u0131 telefondan ula\u015fabilirsiniz.<\/p>\n","protected":false},"excerpt":{"rendered":"<p>Gayrimenkul Avukat\u0131 \u0130stanbul s\u0131n\u0131rlar\u0131nda gayrimenkul avukat\u0131 olarak hizmet veren K&amp;D Hukuk B\u00fcrosu, gayrimenkul al\u0131m sat\u0131m\u0131na ili\u015fkin t\u00fcm tapu tescil ve iptali, ipotek i\u015flemleri, ifraz ve tevhid i\u015flemleri, gayrimenkuller \u00fczerindeki ayni haklara ili\u015fkin i\u015flemler, kira s\u00f6zle\u015fmeleri, miras payla\u015f\u0131m\u0131 kapsam\u0131nda \u00e7\u0131kan ihtilaflar ba\u015fta olmak \u00fczere ta\u015f\u0131nmaz hukukuna ili\u015fkin her t\u00fcrl\u00fc ihtilafa y\u00f6nelik dan\u0131\u015fmanl\u0131k ve dava avukatl\u0131\u011f\u0131 hizmeti [&hellip;]<\/p>\n","protected":false},"author":1,"featured_media":0,"parent":0,"menu_order":0,"comment_status":"closed","ping_status":"closed","template":"","meta":{"footnotes":""},"class_list":["post-518","page","type-page","status-publish","hentry"],"aioseo_notices":[],"_links":{"self":[{"href":"https:\/\/www.kdhukuk.com\/wp-json\/wp\/v2\/pages\/518","targetHints":{"allow":["GET"]}}],"collection":[{"href":"https:\/\/www.kdhukuk.com\/wp-json\/wp\/v2\/pages"}],"about":[{"href":"https:\/\/www.kdhukuk.com\/wp-json\/wp\/v2\/types\/page"}],"author":[{"embeddable":true,"href":"https:\/\/www.kdhukuk.com\/wp-json\/wp\/v2\/users\/1"}],"replies":[{"embeddable":true,"href":"https:\/\/www.kdhukuk.com\/wp-json\/wp\/v2\/comments?post=518"}],"version-history":[{"count":0,"href":"https:\/\/www.kdhukuk.com\/wp-json\/wp\/v2\/pages\/518\/revisions"}],"wp:attachment":[{"href":"https:\/\/www.kdhukuk.com\/wp-json\/wp\/v2\/media?parent=518"}],"curies":[{"name":"wp","href":"https:\/\/api.w.org\/{rel}","templated":true}]}}