{"id":520,"date":"2015-11-29T17:48:06","date_gmt":"2015-11-29T15:48:06","guid":{"rendered":"https:\/\/www.kdhukuk.com\/?page_id=520"},"modified":"2021-12-22T17:15:46","modified_gmt":"2021-12-22T14:15:46","slug":"idare-hukuku-avukati","status":"publish","type":"page","link":"https:\/\/www.kdhukuk.com\/idare-hukuku-avukati\/","title":{"rendered":"\u0130dare Hukuku Avukat\u0131"},"content":{"rendered":"<h1 style=\"text-align: justify;\">\u0130dare Hukuku Avukat\u0131<\/h1>\n<p style=\"text-align: justify;\">\u0130stanbul ili kapsam\u0131nda, devlet veya idari kurumlar ile ki\u015fi ve \u015firketler aras\u0131nda olu\u015fan ihtilaflara y\u00f6nelik, idare hukuku avukat\u0131 hizmeti vermekteyiz. \u00d6zellikle idari cezalar, idari i\u015flemlerin iptali ve idarenin verdi\u011fi zararlar neticesinde olu\u015fan hak taleplerine ili\u015fkin dan\u0131\u015fmanl\u0131k ve dava avukatl\u0131\u011f\u0131 hizmeti vermektedir.<\/p>\n<p style=\"text-align: justify;\">&#8211; \u0130dareye ba\u015fvurular\u0131n yap\u0131lmas\u0131 ve idari karar ve i\u015flemlere kar\u015f\u0131 itirazlar\u0131n yap\u0131lmas\u0131<\/p>\n<p style=\"text-align: justify;\">&#8211; \u0130dari i\u015flemlerin iptaline ili\u015fkin dava a\u00e7\u0131lmas\u0131 ve y\u00fcr\u00fct\u00fclmesi<\/p>\n<p style=\"text-align: justify;\">&#8211; \u0130darenin kusuru neticesinde ortaya \u00e7\u0131kan zararlar nedeniyle tam yarg\u0131 davas\u0131 a\u00e7\u0131lmas\u0131<\/p>\n<p style=\"text-align: justify;\">&#8211; Kamula\u015ft\u0131rmaya ili\u015fkin ihtilaflar\u0131n takibi<\/p>\n<p style=\"text-align: justify;\">&#8211; Uzla\u015fma i\u015flemlerinin takibi<\/p>\n<p style=\"text-align: justify;\">K&amp;D Hukuk B\u00fcrosu, \u0130stanbul s\u0131n\u0131rlar\u0131nda hizmet vermekte olup, idare hukuku avukat\u0131 olarak hizmet veren avukatlar\u0131m\u0131za iletisim@kdhukuk.com e-mail adresinden veya +90 532 230 62 21 numaral\u0131 telefondan ula\u015fabilirsiniz.<\/p>\n","protected":false},"excerpt":{"rendered":"<p>\u0130dare Hukuku Avukat\u0131 \u0130stanbul ili kapsam\u0131nda, devlet veya idari kurumlar ile ki\u015fi ve \u015firketler aras\u0131nda olu\u015fan ihtilaflara y\u00f6nelik, idare hukuku avukat\u0131 hizmeti vermekteyiz. \u00d6zellikle idari cezalar, idari i\u015flemlerin iptali ve idarenin verdi\u011fi zararlar neticesinde olu\u015fan hak taleplerine ili\u015fkin dan\u0131\u015fmanl\u0131k ve dava avukatl\u0131\u011f\u0131 hizmeti vermektedir. &#8211; \u0130dareye ba\u015fvurular\u0131n yap\u0131lmas\u0131 ve idari karar ve i\u015flemlere kar\u015f\u0131 itirazlar\u0131n [&hellip;]<\/p>\n","protected":false},"author":1,"featured_media":0,"parent":0,"menu_order":0,"comment_status":"closed","ping_status":"closed","template":"","meta":{"footnotes":""},"class_list":["post-520","page","type-page","status-publish","hentry"],"aioseo_notices":[],"_links":{"self":[{"href":"https:\/\/www.kdhukuk.com\/wp-json\/wp\/v2\/pages\/520","targetHints":{"allow":["GET"]}}],"collection":[{"href":"https:\/\/www.kdhukuk.com\/wp-json\/wp\/v2\/pages"}],"about":[{"href":"https:\/\/www.kdhukuk.com\/wp-json\/wp\/v2\/types\/page"}],"author":[{"embeddable":true,"href":"https:\/\/www.kdhukuk.com\/wp-json\/wp\/v2\/users\/1"}],"replies":[{"embeddable":true,"href":"https:\/\/www.kdhukuk.com\/wp-json\/wp\/v2\/comments?post=520"}],"version-history":[{"count":0,"href":"https:\/\/www.kdhukuk.com\/wp-json\/wp\/v2\/pages\/520\/revisions"}],"wp:attachment":[{"href":"https:\/\/www.kdhukuk.com\/wp-json\/wp\/v2\/media?parent=520"}],"curies":[{"name":"wp","href":"https:\/\/api.w.org\/{rel}","templated":true}]}}