{"id":522,"date":"2015-11-29T17:48:40","date_gmt":"2015-11-29T15:48:40","guid":{"rendered":"https:\/\/www.kdhukuk.com\/?page_id=522"},"modified":"2025-04-28T18:38:48","modified_gmt":"2025-04-28T15:38:48","slug":"icra-avukati","status":"publish","type":"page","link":"https:\/\/www.kdhukuk.com\/icra-avukati\/","title":{"rendered":"\u0130cra Avukat\u0131"},"content":{"rendered":"<h1>\u0130cra Avukat\u0131<\/h1>\n<p style=\"text-align: justify;\"><em>\u0130stanbul<\/em> ili kapsam\u0131nda, K&amp;D <strong>Hukuk B\u00fcrosu<\/strong>, senet kar\u015f\u0131l\u0131\u011f\u0131 veya senetsiz alacaklar\u0131n tahsiline y\u00f6nelik <strong>icra avukat\u0131<\/strong> ekibiyle, ilams\u0131z (adi) <em>icra takibi<\/em>, ilaml\u0131 icra takibi, kambiyo senedine dayal\u0131 icra takibi i\u015flemleri ba\u015fta olmak \u00fczere icra hukuku i\u015flemlerine ili\u015fkin dan\u0131\u015fmanl\u0131k ve dava avukatl\u0131\u011f\u0131 hizmeti vermektedir.<\/p>\n<h2 style=\"text-align: justify;\">\u0130cra Hukuku Kapsam\u0131nda Ortaya \u00c7\u0131kan \u0130htilaflar<\/h2>\n<p style=\"text-align: justify;\">\u0130cra hukuku, bor\u00e7lunun borcunu gerek zaman\u0131nda \u00f6dememesi gerekse hi\u00e7 \u00f6dememesi halinde, alacakl\u0131n\u0131n talebi ile, icra ve iflas m\u00fcd\u00fcrl\u00fckleri vas\u0131tas\u0131yla bor\u00e7lunun ta\u015f\u0131n\u0131r ve ta\u015f\u0131nmaz varl\u0131klar\u0131n\u0131n tespit edilerek alaca\u011f\u0131n <span style=\"color: #808080;\"><a style=\"color: #808080;\" href=\"http:\/\/www.mevzuat.gov.tr\/MevzuatMetin\/1.3.2004.pdf\" target=\"_blank\" rel=\"noopener\">\u0130cra ve \u0130flas Kanunu<\/a><\/span> kapsam\u0131nda tahsil edilmesini konu al\u0131r. \u0130cra takipleri mahkeme karar\u0131n\u0131n icras\u0131 \u015feklinde olabilece\u011fi gibi bir mahkeme karar\u0131 ile h\u00fck\u00fcm alt\u0131na al\u0131nmayan alacaklar\u0131n da takibi m\u00fcmk\u00fcnd\u00fcr. Bu halde mahkeme karar\u0131 ile h\u00fck\u00fcm alt\u0131na al\u0131nan alacaklar i\u00e7in ilaml\u0131 icra takibi, bir mahkeme karar\u0131 olmamas\u0131 halinde ise ilams\u0131z icra takibi ile alaca\u011f\u0131n tahsili temin edilir. \u0130lams\u0131z icra takipleri ise alacakl\u0131 ile bor\u00e7lu aras\u0131nda alaca\u011f\u0131 ispatlayan herhangi bir yaz\u0131l\u0131 belge olup olmamas\u0131na g\u00f6re de t\u00fcrlere ayr\u0131l\u0131r. Alacakl\u0131 ile bor\u00e7lu aras\u0131nda herhangi bir yaz\u0131l\u0131 belge olmamas\u0131 halinde de alaca\u011f\u0131n takibi m\u00fcmk\u00fcnd\u00fcr ve bu halde genel haciz yoluyla ilams\u0131z <strong>icra takibi<\/strong> uygulan\u0131r.<\/p>\n<p style=\"text-align: justify;\">Alacakl\u0131 ile bor\u00e7lu aras\u0131nda d\u00fczenlenen bir kambiyo senedi mevcut ise bu halde kambiyo senetlerine mahsus ilams\u0131z <span style=\"text-decoration: underline;\">icra takibi<\/span> yap\u0131l\u0131r. Bunlar d\u0131\u015f\u0131nda ipote\u011fin paraya \u00e7evrilmesi yoluyla ilams\u0131z icra takibi ve \u00f6zellikle kira s\u00f6zle\u015fmeleri kapsam\u0131nda s\u0131k\u00e7a ortaya \u00e7\u0131kan tahliye sorunlar\u0131na y\u00f6nelik olarak da kiralanan ta\u015f\u0131nmazlar\u0131n tahliyesine ili\u015fkin icra takibi vas\u0131tas\u0131yla da kirac\u0131n\u0131n tahliyesi temin edilir.<\/p>\n<h2 style=\"text-align: justify;\"><img fetchpriority=\"high\" decoding=\"async\" class=\"alignleft size-full wp-image-1708\" src=\"https:\/\/www.kdhukuk.com\/wp-content\/uploads\/icra-hukuk-b\u00fcrosu-istanbul.jpg\" alt=\"icra takibi, hukuk b\u00fcrosu, istanbul, icra avukat\u0131\" width=\"288\" height=\"353\" srcset=\"https:\/\/www.kdhukuk.com\/wp-content\/uploads\/icra-hukuk-b\u00fcrosu-istanbul.jpg 288w, https:\/\/www.kdhukuk.com\/wp-content\/uploads\/icra-hukuk-b\u00fcrosu-istanbul-245x300.jpg 245w\" sizes=\"(max-width: 288px) 100vw, 288px\" \/>\u0130cra\u00a0Avukat\u0131 Ekibimizin Verdi\u011fi Hizmetler<\/h2>\n<p>B\u00fcromuz yaln\u0131zca <span style=\"color: #333399;\">\u0130stanbul<\/span> s\u0131n\u0131rlar\u0131 i\u00e7erisinde yer alan icra takibi i\u015flemlerine y\u00f6nelik hizmet vermekte olup, <span style=\"color: #333399;\">icra avukat\u0131<\/span> ekibimizin vermi\u015f oldu\u011fu hukuki hizmetler a\u015fa\u011f\u0131da \u00f6zet \u015feklinde s\u0131ralanm\u0131\u015ft\u0131r:<\/p>\n<p style=\"text-align: justify;\">&#8211; Alaca\u011f\u0131n \u00f6ncelikle bor\u00e7lu ile anla\u015fma sa\u011flanarak tahsil edilmeye \u00e7al\u0131\u015f\u0131lmas\u0131<\/p>\n<p style=\"text-align: justify;\">&#8211; Alaca\u011f\u0131n, bor\u00e7lu ile yap\u0131lan g\u00f6r\u00fc\u015fmeler neticesinde tahsil edilememesi halinde, icra m\u00fcd\u00fcrl\u00fc\u011f\u00fc arac\u0131l\u0131\u011f\u0131yla icra takibi ba\u015flat\u0131lmas\u0131<\/p>\n<p style=\"text-align: justify;\">&#8211; Senede ba\u011fl\u0131 alacaklarda ilaml\u0131 takip ba\u015flatarak, bor\u00e7lunun t\u00fcm mal varl\u0131\u011f\u0131n\u0131n sorgulanmas\u0131, mal varl\u0131klar\u0131na haciz konulmas\u0131, sat\u0131\u015f i\u015flemlerinin ger\u00e7ekle\u015ftirilmesi ve nihayetinde alaca\u011f\u0131n tahsil edilmesi<\/p>\n<p style=\"text-align: justify;\">&#8211; Senede ba\u011fl\u0131 olmayan alacaklarda ilams\u0131z takip davas\u0131 a\u00e7\u0131lmas\u0131, alaca\u011f\u0131n hukuki yollarla ispat\u0131n\u0131n sa\u011flanmas\u0131, takibin kesinle\u015ftirilerek bor\u00e7lunun mal varl\u0131klar\u0131na haciz konulmas\u0131, sat\u0131\u015f i\u015flemlerinin ger\u00e7ekle\u015ftirilmesi ve alaca\u011f\u0131n tahsili<\/p>\n<p style=\"text-align: justify;\">&#8211; \u0130potek ve rehinin paraya \u00e7evrilmesi yoluyla alacak takibi yap\u0131lmas\u0131<\/p>\n<p style=\"text-align: justify;\">&#8211; Alacak tahsilini ger\u00e7ekle\u015ftirmek amac\u0131yla bor\u00e7lu hakk\u0131nda iflas davas\u0131 a\u00e7\u0131lmas\u0131 ve takibi, alaca\u011f\u0131n iflas yoluyla tahsil edilmesi<\/p>\n<p style=\"text-align: justify;\">&#8211; Finans, kredi ve leasing s\u00f6zle\u015fmelerinden do\u011fan alacaklar\u0131n takibi<\/p>\n<p>\u0130cra avukat\u0131 ekibimiz \u0130stanbul s\u0131n\u0131rlar\u0131 i\u00e7erisinde hizmet vermekte olup, <span style=\"color: #333399;\"><a style=\"color: #333399;\" href=\"mailto:iletisim@kdhukuk.com\">iletisim@kdhukuk.com<\/a><\/span> e-mail adresinden veya +90 212 259 99 63 numaral\u0131 telefondan bizimle ileti\u015fime ge\u00e7ebilirsiniz.<\/p>\n","protected":false},"excerpt":{"rendered":"<p>\u0130cra Avukat\u0131 \u0130stanbul ili kapsam\u0131nda, K&amp;D Hukuk B\u00fcrosu, senet kar\u015f\u0131l\u0131\u011f\u0131 veya senetsiz alacaklar\u0131n tahsiline y\u00f6nelik icra avukat\u0131 ekibiyle, ilams\u0131z (adi) icra takibi, ilaml\u0131 icra takibi, kambiyo senedine dayal\u0131 icra takibi i\u015flemleri ba\u015fta olmak \u00fczere icra hukuku i\u015flemlerine ili\u015fkin dan\u0131\u015fmanl\u0131k ve dava avukatl\u0131\u011f\u0131 hizmeti vermektedir. \u0130cra Hukuku Kapsam\u0131nda Ortaya \u00c7\u0131kan \u0130htilaflar \u0130cra hukuku, bor\u00e7lunun borcunu gerek [&hellip;]<\/p>\n","protected":false},"author":1,"featured_media":0,"parent":0,"menu_order":0,"comment_status":"closed","ping_status":"closed","template":"","meta":{"footnotes":""},"class_list":["post-522","page","type-page","status-publish","hentry"],"aioseo_notices":[],"_links":{"self":[{"href":"https:\/\/www.kdhukuk.com\/wp-json\/wp\/v2\/pages\/522","targetHints":{"allow":["GET"]}}],"collection":[{"href":"https:\/\/www.kdhukuk.com\/wp-json\/wp\/v2\/pages"}],"about":[{"href":"https:\/\/www.kdhukuk.com\/wp-json\/wp\/v2\/types\/page"}],"author":[{"embeddable":true,"href":"https:\/\/www.kdhukuk.com\/wp-json\/wp\/v2\/users\/1"}],"replies":[{"embeddable":true,"href":"https:\/\/www.kdhukuk.com\/wp-json\/wp\/v2\/comments?post=522"}],"version-history":[{"count":1,"href":"https:\/\/www.kdhukuk.com\/wp-json\/wp\/v2\/pages\/522\/revisions"}],"predecessor-version":[{"id":3119,"href":"https:\/\/www.kdhukuk.com\/wp-json\/wp\/v2\/pages\/522\/revisions\/3119"}],"wp:attachment":[{"href":"https:\/\/www.kdhukuk.com\/wp-json\/wp\/v2\/media?parent=522"}],"curies":[{"name":"wp","href":"https:\/\/api.w.org\/{rel}","templated":true}]}}